n + t, 3*n - 3 = -g. Calculate l(g).
-10
Let a(m) be the first derivative of m**3/3 - m**2/2 - 2. What is a(0)?
0
Let m(n) = 2*n**3 + n**2. Let k = 8 + -7. Let f(z) = -6*z**2 + 9*z - 7. Let i(c) = c**2 - c + 1. Let j(x) = k*f(x) + 5*i(x). Let w be j(3). What is m(w)?
3
Suppose 3 = 2*k - 7. Let r(i) = -i**2 + 5*i - 5. Calculate r(k).
-5
Let p = 5 + -7. Let h(g) = -g - 1. Suppose 5*q - 7 = 8. Let o(c) = c + 2. Let v(z) = q*h(z) + 2*o(z). What is v(p)?
3
Let v(t) = t**3 - t**2 - 6. Let r(g) = g**2 + 3*g - 3. Let b be r(-4). Let f(d) = -d**2 - 2*d + 4. Let m be f(-3). Let c = b - m. Calculate v(c).
-6
Let j(l) = -l**3 + 6*l**2 + 6*l + 5. Let y(i) = i**3 + 24*i**2 + 7. Let f be y(-24). Give j(f).
-2
Suppose 0 = 2*o + 2*o. Let m(f) = f**2 - 6. Let y be m(o). Let a(q) = -q - 9. Let r be a(y). Let t(x) = 2*x**2 + 4*x - 1. Give t(r).
5
Let t(x) = 2*x + 6. Let d be t(-4). Let f(k) be the third derivative of 0*k + 1/60*k**5 + 0 - 1/6*k**3 - 2*k**2 - 1/24*k**4. Give f(d).
5
Let x = -38 + 10. Let r = x - -25. Let z(v) = 2*v - 3*v - 3 - 2*v. Give z(r).
6
Suppose 2*g = 3*g - 3. Let p(y) = y**3 - 6*y**2 + 6*y - 4. Let q(c) = -c**3 + 5*c**2 - 5*c + 3. Let i(m) = g*p(m) + 4*q(m). Let j = -4 - -6. What is i(j)?
-4
Let p(h) be the first derivative of -h**5/20 - h**4/6 + h**3/3 - 2*h - 2. Let a(q) be the first derivative of p(q). What is a(-2)?
-4
Let r(o) = 3 + 7*o**2 - 7 + 7*o - 3. Let h(u) = 3*u**2 + 3*u - 3. Let y(b) = -5*h(b) + 2*r(b). Let g = 2 + -2. Determine y(g).
1
Let j(o) = o**3 - 8*o**2 - o + 10. Let y be j(8). Let p(u) = -2*u + 0*u**2 - 1 + 3*u - u**y. Suppose 2*f - 2 + 0 = 0. Give p(f).
-1
Let r(q) be the third derivative of -q**6/40 - q**5/60 - q**4/12 - q**3/6 + 6*q**2. Determine r(-1).
3
Let c(g) = g**3 + g - 1. Let f(s) = -2*s - 5. Let v be f(-6). Let k = 8 - v. Determine c(k).
1
Suppose 11*o + 6 = 12*o. Let p(t) = -1 + 0 - 5 + 2*t. Determine p(o).
6
Let b(n) = n**2 - 8*n - 5. Let i be 17/2 + (16 - 8)/(-16). Determine b(i).
-5
Let f(v) be the third derivative of v**4/12 + v**3/2 - 42*v**2. Let r be (1 + -4)*-1*1. Determine f(r).
9
Let w(y) = -3*y**2 - 13*y + 14*y + 4*y**2 + y**3. Determine w(-2).
-6
Let v(r) be the first derivative of -5*r**2/2 + r - 1. Suppose 0*s - 4*s = -20. Suppose -11 = s*c - 3*f, c + 11 = f + 4*f. Determine v(c).
6
Let r(o) = 4 - o + 6 - 8*o**2 + 7*o**2. What is r(0)?
10
Let m(b) = b**2 + b. Let l be m(-1). Let s(n) = 3 + l - 3*n - 3. Determine s(-2).
6
Let p(a) be the first derivative of -a**3/3 + 7*a**2/2 + 2*a - 8. What is p(5)?
12
Let g(l) be the first derivative of l**3/6 - 3*l**2/2 - 2*l + 1. Let y(o) be the first derivative of g(o). Let f(m) = 2*m - 1. Let a be f(2). What is y(a)?
0
Let s = 1 - 0. Let x(a) be the third derivative of a**8/1120 + a**4/8 - 2*a**2. Let h(l) be the second derivative of x(l). Calculate h(s).
6
Let g = -24 + 29. Let s(a) = a**2 - 2*a - 7. Calculate s(g).
8
Suppose -2*v = -5*a - 1, 4*a = -4*v + 4 + 12. Let x(k) = -3 + a - k + 0. Calculate x(3).
-5
Let a(r) = r**2 + 4*r. Let l be a(-4). Let t(q) = -q**2 - q - 8. What is t(l)?
-8
Let q(x) = -x - 5. Suppose -18 + 0 = 3*d. Let j be q(d). Let r(w) = -2*w. Determine r(j).
-2
Let u(z) = 0*z - z + 135 - 130. Determine u(4).
1
Suppose -2*q + 4*i + 23 = -5*q, 4*q + 22 = -i. Let h(m) be the second derivative of m**3/6 + 2*m. Determine h(q).
-5
Let d(j) be the third derivative of -j**5/60 + j**4/2 + 7*j**3/3 + j**2 + 3. Calculate d(13).
1
Suppose 2*p + 12 = 2. Let c(a) be the third derivative of a**5/60 + a**4/8 + a**3/2 - 2*a**2 - 23. Calculate c(p).
13
Let f(t) = t**3 - 6*t**2 + 5*t + 6. Let u be f(5). Let l(q) = -q**2 + 7*q. Let s be l(u). Suppose -3*i - s = -0. Let p(w) = -3*w**2 - 4*w - 2. Calculate p(i).
-6
Suppose -3 - 1 = -2*y. Let o(p) = -4*p + 0*p**3 - p**y + 3*p + 5 + p**3. Suppose 5*l - w = -5, 5*l = -2*w + 3 + 7. What is o(l)?
5
Let g = 7 - 4. Let n(q) = q**2 - q. Give n(g).
6
Suppose 0 = -f - r + 1, -r - 3 = -4*f + 6. Suppose -3*z - 6*s = -f*s - 19, -4*z + s = 0. Let q(p) = -p + 2 - z - 5*p**2 + 0*p + p**3. Determine q(5).
-4
Let d(c) = -4*c**3 + 2*c**2 + c + 1. Suppose 14*h - 16*h + 4 = 0. Give d(h).
-21
Let q(j) = -50*j + 43*j - 4 - 3*j**3 + 9*j**2 - 6 + 2*j**3. Calculate q(8).
-2
Let t(z) be the second derivative of -3*z**5/20 + z**4/24 + 3*z**2/2 - 2*z. Let o(b) be the first derivative of t(b). Determine o(-1).
-10
Let y be (1 + (-3)/4)*0. Let z(m) be the second derivative of -2*m - 1/6*m**3 + 0 - 7/2*m**2 - 1/12*m**4. What is z(y)?
-7
Let d(l) = -l + 1. Let p(v) = v**2 + 11*v + 8. Let f be p(-10). Let s(j) = -j + 13. Let i(n) = f*d(n) + s(n). What is i(0)?
11
Let h(b) = -b**3 - b - 1. Let y be h(-1). Let f(t) = 0*t**2 + 2*t**2 - 5*t**3 - 4*t + 3*t. What is f(y)?
-4
Let c(u) = -u**2 + 2*u + 1. Let h be c(2). Suppose 0 = -0*m - 4*m - 4*y - 4, y + h = 3*m. Let t(d) = -d**2 - 1 + 1 - d + 2*d**3 + m*d. What is t(-1)?
-2
Let b(r) = 2*r + r**2 - r + 2*r - 4. Let t(s) = s**3 - 6*s**2 + 5*s + 3. Let y be t(5). Suppose 1 + 6 = 2*z - y*c, -5*c = -3*z + 13. What is b(z)?
0
Let j(d) = 4*d**2 + 5*d - 8. Let f(u) = -5*u**2 - 5*u + 9. Let x(q) = -3*f(q) - 4*j(q). Calculate x(-5).
5
Let i = -3 + -1. Let n = i + 6. Suppose -n*d = 3*d + 25. Let p(z) = -z. Give p(d).
5
Let u(v) = 8 - v**2 + 2*v**2 - 2*v**2 + 5*v. Give u(7).
-6
Let y(b) be the second derivative of -b**5/20 - 7*b**4/12 - b**3/6 - 3*b**2 + 8*b. Let i be y(-7). Let x(g) = 3*g + 1. Calculate x(i).
4
Let s be (8/10)/((-2)/(-5)). Let p(h) = 2 - h - 2. What is p(s)?
-2
Suppose u + 3 = 6. Let w(c) = u*c**3 + 4*c**3 - 6*c**3 + 2*c**2 - 8*c**2 - 8. Calculate w(6).
-8
Let d(l) = l + 2. Let n be (1/(-2))/(2/8). Let i(o) = 5*o + 4. Let s(u) = u**2 - 6*u - 5. Let k(x) = -3*i(x) - 2*s(x). Let w be k(n). What is d(w)?
-2
Let f = -18 + 20. Suppose 5*s + 5*w = 3*w - 8, -4*w = 3*s + f. Let t(p) = -p + 1. Give t(s).
3
Let a be 1*(6/2 - -5). Suppose 0*v = -4*v + a. Let u(k) = k + 3*k + 0 - 3. Determine u(v).
5
Suppose 2 = 4*t - 10. Let u(m) = m**2 - 7*m + 3. Let v be u(7). Let q = t - v. Let l(y) = -y + 1. Calculate l(q).
1
Let l(b) be the third derivative of b**4/24 - 2*b**3/3 + 4*b**2. Let g(u) = -3*u + 8. Let p(i) = -2*g(i) - 5*l(i). Determine p(5).
9
Let n(v) = v**3 + 21*v**2 + 21*v + 28. Let x be n(-20). Let m(f) = -f + 11 + 10 - 9. What is m(x)?
4
Let b = 9 - 1. Let a be (3 - (-65)/(-25))*-15. Let x = b + a. Let g(s) = -2*s**3 + 2*s**2 + s - 1. What is g(x)?
-7
Let a(d) = d**3 - 10*d**2 + 8*d + 13. Let u be a(9). Suppose 0 = u*q - 0*q. Let j(c) = c**2 + 7. What is j(q)?
7
Let w = 107 - 105. Let k(v) = -3*v**2 + 2*v. Calculate k(w).
-8
Let j(l) = -l**2 + 4*l - 1. Let z be (-70)/21*(-6)/5. Calculate j(z).
-1
Let t be -3*3/(-9)*5. Let c(n) = -2*n. Calculate c(t).
-10
Let d(p) = -p - 2. Let y = -18 - -38. Suppose -m - y = -3*m. Let v be ((-1)/2)/(1/m). What is d(v)?
3
Let d = -12 + 9. Let v = 20 + -12. Let w = v + d. Let u(p) = p**2 - 7*p + 5. Calculate u(w).
-5
Let v(n) = -n**3 - 4*n + 5 - 3*n + 4*n + 5*n**2. Let l = -10 - -14. Calculate v(l).
9
Suppose -4*w + 9 - 2 = 5*i, -4*w = 3*i - 9. Suppose -2*k - 2*s + 6 = s, -9 = -w*k - s. Let d(x) = 3 - 4 + k - x. What is d(2)?
0
Suppose 3*x + 2 = 8. Suppose x*i + 2*i + 2*y = 10, 0 = -3*i - 3*y + 6. Let t be i/(-2) - 3/(-6). Let z(w) = w**2 + 2*w + 1. What is z(t)?
0
Let r(z) be the second derivative of z**5/20 - 7*z**4/12 + z**3/6 + 2*z**2 + 63*z. Suppose 2*d - 14 = -0*d. Determine r(d).
11
Let d(i) = i - 6. Let l be d(2). Let g(f) be the first derivative of -2 - 9*f - 1/2*f**2. Calculate g(l).
-5
Let q(j) = j**2 - 8*j + 9. Let f be q(6). Let k(y) = y**2 - 3. Give k(f).
6
Suppose 4*i = 4*f - 24, i + 3*i = -3*f + 25. Let p be 2/(-7) - (-16)/f. Let a(r) = r**p + 2 - 5*r + r**3 + 0*r**2 + 2*r**2. Calculate a(-4).
6
Let h(d) = -d**2 - 6*d - 1. Let r(c) = -3*c - 2. Let o be r(2). Let k = o + 2. Determine h(k).
-1
Let k(y) = -y**3 - y**2 + y - 1. Let x be (-8)/(1*(-1 - -2)). Let s = 6 + x. Determine k(s).
1
Let l = 15 + -11. Let d = 6 - l. Let n(k) = 0 - d - k + 6. Give n(5).
-1
Let s be -5*2/(-20)*8. Let m(w) = w + 3. Calculate m(s).
7
Let b(n) = -4*n - 2. Let x(y) = y**2 - 5*y + 6. Let a be x(6). Let c = 16 - a. Give b(c).
-18
Let g(k) be the third derivative of k**4/12 - 5*k**3/6 - 10*k**2. Calculate g(7).
9
Suppose 0 = -2*a - n - 2, 0 = -3*a + 2*a + 5*n - 12. 